{"id":814,"date":"2025-07-13T03:51:13","date_gmt":"2025-07-13T03:51:13","guid":{"rendered":"https:\/\/www.gastro-lab.com\/?page_id=814"},"modified":"2025-07-20T19:09:49","modified_gmt":"2025-07-20T19:09:49","slug":"panel-5","status":"publish","type":"page","link":"https:\/\/www.gastro-lab.com\/index.php\/panel-5\/","title":{"rendered":"PANEL RIESGO DE ALZHEIMER"},"content":{"rendered":"\t\t<div data-elementor-type=\"wp-page\" data-elementor-id=\"814\" class=\"elementor elementor-814\" data-elementor-post-type=\"page\">\n\t\t\t\t<div class=\"elementor-element elementor-element-10ba6610 e-con-full e-flex e-con e-parent\" data-id=\"10ba6610\" data-element_type=\"container\" data-e-type=\"container\" data-settings=\"{&quot;background_background&quot;:&quot;gradient&quot;}\">\n\t\t<div class=\"elementor-element elementor-element-605567c0 e-con-full e-flex e-con e-child\" data-id=\"605567c0\" data-element_type=\"container\" data-e-type=\"container\">\n\t\t\t\t<div class=\"elementor-element elementor-element-5ce43c91 elementor-invisible elementor-widget elementor-widget-image\" data-id=\"5ce43c91\" data-element_type=\"widget\" data-e-type=\"widget\" data-settings=\"{&quot;motion_fx_motion_fx_scrolling&quot;:&quot;yes&quot;,&quot;motion_fx_translateY_effect&quot;:&quot;yes&quot;,&quot;motion_fx_translateY_direction&quot;:&quot;negative&quot;,&quot;motion_fx_translateY_speed&quot;:{&quot;unit&quot;:&quot;px&quot;,&quot;size&quot;:1.5,&quot;sizes&quot;:[]},&quot;_animation&quot;:&quot;slideInLeft&quot;,&quot;motion_fx_translateY_affectedRange&quot;:{&quot;unit&quot;:&quot;%&quot;,&quot;size&quot;:&quot;&quot;,&quot;sizes&quot;:{&quot;start&quot;:0,&quot;end&quot;:100}},&quot;motion_fx_devices&quot;:[&quot;desktop&quot;,&quot;tablet&quot;,&quot;mobile&quot;]}\" data-widget_type=\"image.default\">\n\t\t\t\t<div class=\"elementor-widget-container\">\n\t\t\t\t\t\t\t\t\t\t\t\t\t\t\t<img fetchpriority=\"high\" decoding=\"async\" width=\"1024\" height=\"1024\" src=\"https:\/\/www.gastro-lab.com\/wp-content\/uploads\/2025\/06\/5-1024x1024.png\" class=\"attachment-large size-large wp-image-419\" alt=\"\" srcset=\"https:\/\/www.gastro-lab.com\/wp-content\/uploads\/2025\/06\/5-1024x1024.png 1024w, https:\/\/www.gastro-lab.com\/wp-content\/uploads\/2025\/06\/5-300x300.png 300w, https:\/\/www.gastro-lab.com\/wp-content\/uploads\/2025\/06\/5-150x150.png 150w, https:\/\/www.gastro-lab.com\/wp-content\/uploads\/2025\/06\/5-768x768.png 768w, https:\/\/www.gastro-lab.com\/wp-content\/uploads\/2025\/06\/5-400x400.png 400w, https:\/\/www.gastro-lab.com\/wp-content\/uploads\/2025\/06\/5-450x450.png 450w, https:\/\/www.gastro-lab.com\/wp-content\/uploads\/2025\/06\/5-106x106.png 106w, https:\/\/www.gastro-lab.com\/wp-content\/uploads\/2025\/06\/5-560x560.png 560w, https:\/\/www.gastro-lab.com\/wp-content\/uploads\/2025\/06\/5-80x80.png 80w, https:\/\/www.gastro-lab.com\/wp-content\/uploads\/2025\/06\/5.png 1080w\" sizes=\"(max-width: 1024px) 100vw, 1024px\" \/>\t\t\t\t\t\t\t\t\t\t\t\t\t\t\t<\/div>\n\t\t\t\t<\/div>\n\t\t\t\t<\/div>\n\t\t<div class=\"elementor-element elementor-element-456d6a47 e-con-full e-flex e-con e-child\" data-id=\"456d6a47\" data-element_type=\"container\" data-e-type=\"container\">\n\t\t<div class=\"elementor-element elementor-element-259aa2b0 e-flex e-con-boxed e-con e-child\" data-id=\"259aa2b0\" data-element_type=\"container\" data-e-type=\"container\">\n\t\t\t\t\t<div class=\"e-con-inner\">\n\t\t\t\t<div class=\"elementor-element elementor-element-1b4f3447 animated-slow elementor-invisible elementor-widget elementor-widget-heading\" data-id=\"1b4f3447\" data-element_type=\"widget\" data-e-type=\"widget\" data-settings=\"{&quot;_animation&quot;:&quot;fadeIn&quot;}\" data-widget_type=\"heading.default\">\n\t\t\t\t<div class=\"elementor-widget-container\">\n\t\t\t\t\t<h1 class=\"elementor-heading-title elementor-size-default\">Panel Riesgo de Alzheimer \n<\/h1>\t\t\t\t<\/div>\n\t\t\t\t<\/div>\n\t\t\t\t<div class=\"elementor-element elementor-element-5a52f426 elementor-invisible elementor-widget elementor-widget-text-editor\" data-id=\"5a52f426\" data-element_type=\"widget\" data-e-type=\"widget\" data-settings=\"{&quot;_animation&quot;:&quot;fadeIn&quot;,&quot;_animation_delay&quot;:200}\" data-widget_type=\"text-editor.default\">\n\t\t\t\t<div class=\"elementor-widget-container\">\n\t\t\t\t\t\t\t\t\t<p>Eval\u00faa factores gen\u00e9ticos y bioqu\u00edmicos asociados con el desarrollo de Alzheimer.<\/p>\t\t\t\t\t\t\t\t<\/div>\n\t\t\t\t<\/div>\n\t\t\t\t<div class=\"elementor-element elementor-element-7a258696 elementor-widget elementor-widget-image\" data-id=\"7a258696\" data-element_type=\"widget\" data-e-type=\"widget\" data-widget_type=\"image.default\">\n\t\t\t\t<div class=\"elementor-widget-container\">\n\t\t\t\t\t\t\t\t\t\t\t\t\t\t\t<img decoding=\"async\" width=\"1024\" height=\"256\" src=\"https:\/\/www.gastro-lab.com\/wp-content\/uploads\/2025\/05\/Beige-Aesthetic-Elegant-Minimalist-Name-LinkedIn-Banner--1024x256.png\" class=\"attachment-large size-large wp-image-322\" alt=\"\" srcset=\"https:\/\/www.gastro-lab.com\/wp-content\/uploads\/2025\/05\/Beige-Aesthetic-Elegant-Minimalist-Name-LinkedIn-Banner--1024x256.png 1024w, https:\/\/www.gastro-lab.com\/wp-content\/uploads\/2025\/05\/Beige-Aesthetic-Elegant-Minimalist-Name-LinkedIn-Banner--300x75.png 300w, https:\/\/www.gastro-lab.com\/wp-content\/uploads\/2025\/05\/Beige-Aesthetic-Elegant-Minimalist-Name-LinkedIn-Banner--768x192.png 768w, https:\/\/www.gastro-lab.com\/wp-content\/uploads\/2025\/05\/Beige-Aesthetic-Elegant-Minimalist-Name-LinkedIn-Banner--1536x384.png 1536w, https:\/\/www.gastro-lab.com\/wp-content\/uploads\/2025\/05\/Beige-Aesthetic-Elegant-Minimalist-Name-LinkedIn-Banner-.png 1584w\" sizes=\"(max-width: 1024px) 100vw, 1024px\" \/>\t\t\t\t\t\t\t\t\t\t\t\t\t\t\t<\/div>\n\t\t\t\t<\/div>\n\t\t\t\t\t<\/div>\n\t\t\t\t<\/div>\n\t\t\t\t<\/div>\n\t\t\t\t<\/div>\n\t\t<div class=\"elementor-element elementor-element-60923b3 e-flex e-con-boxed e-con e-parent\" data-id=\"60923b3\" data-element_type=\"container\" data-e-type=\"container\">\n\t\t\t\t\t<div class=\"e-con-inner\">\n\t\t\t\t<div class=\"elementor-element elementor-element-189f3ce elementor-widget elementor-widget-spacer\" data-id=\"189f3ce\" data-element_type=\"widget\" data-e-type=\"widget\" data-widget_type=\"spacer.default\">\n\t\t\t\t<div class=\"elementor-widget-container\">\n\t\t\t\t\t\t\t<div class=\"elementor-spacer\">\n\t\t\t<div class=\"elementor-spacer-inner\"><\/div>\n\t\t<\/div>\n\t\t\t\t\t\t<\/div>\n\t\t\t\t<\/div>\n\t\t\t\t\t<\/div>\n\t\t\t\t<\/div>\n\t\t<div class=\"elementor-element elementor-element-68df9b2 e-flex e-con-boxed e-con e-parent\" data-id=\"68df9b2\" data-element_type=\"container\" data-e-type=\"container\">\n\t\t\t\t\t<div class=\"e-con-inner\">\n\t\t\t\t<div class=\"elementor-element elementor-element-f356a87 elementor-widget elementor-widget-spacer\" data-id=\"f356a87\" data-element_type=\"widget\" data-e-type=\"widget\" data-widget_type=\"spacer.default\">\n\t\t\t\t<div class=\"elementor-widget-container\">\n\t\t\t\t\t\t\t<div class=\"elementor-spacer\">\n\t\t\t<div class=\"elementor-spacer-inner\"><\/div>\n\t\t<\/div>\n\t\t\t\t\t\t<\/div>\n\t\t\t\t<\/div>\n\t\t\t\t\t<\/div>\n\t\t\t\t<\/div>\n\t\t<div class=\"elementor-element elementor-element-4e6f68d1 e-flex e-con-boxed elementor-invisible e-con e-parent\" data-id=\"4e6f68d1\" data-element_type=\"container\" data-e-type=\"container\" data-settings=\"{&quot;animation&quot;:&quot;fadeInUp&quot;}\">\n\t\t\t\t\t<div class=\"e-con-inner\">\n\t\t<div class=\"elementor-element elementor-element-409449b7 e-con-full e-flex e-con e-child\" data-id=\"409449b7\" data-element_type=\"container\" data-e-type=\"container\" data-settings=\"{&quot;background_background&quot;:&quot;classic&quot;}\">\n\t\t\t\t<div class=\"elementor-element elementor-element-5abb0b34 animated-slow elementor-invisible elementor-widget elementor-widget-heading\" data-id=\"5abb0b34\" data-element_type=\"widget\" data-e-type=\"widget\" data-settings=\"{&quot;_animation&quot;:&quot;fadeIn&quot;}\" data-widget_type=\"heading.default\">\n\t\t\t\t<div class=\"elementor-widget-container\">\n\t\t\t\t\t<h3 class=\"elementor-heading-title elementor-size-default\"> Gen\u00e9tico<\/h3>\t\t\t\t<\/div>\n\t\t\t\t<\/div>\n\t\t\t\t<div class=\"elementor-element elementor-element-3b45996d elementor-invisible elementor-widget elementor-widget-text-editor\" data-id=\"3b45996d\" data-element_type=\"widget\" data-e-type=\"widget\" data-settings=\"{&quot;_animation&quot;:&quot;fadeIn&quot;,&quot;_animation_delay&quot;:200}\" data-widget_type=\"text-editor.default\">\n\t\t\t\t<div class=\"elementor-widget-container\">\n\t\t\t\t\t\t\t\t\t<ul><li>APOE, PSEN1 y PSEN2<\/li><li>Admark- ApoE Genotipo<\/li><\/ul><p>\u00a0<\/p>\t\t\t\t\t\t\t\t<\/div>\n\t\t\t\t<\/div>\n\t\t\t\t<\/div>\n\t\t<div class=\"elementor-element elementor-element-2a12e98 e-con-full e-flex e-con e-child\" data-id=\"2a12e98\" data-element_type=\"container\" data-e-type=\"container\" data-settings=\"{&quot;background_background&quot;:&quot;classic&quot;}\">\n\t\t\t\t<div class=\"elementor-element elementor-element-2dd18340 animated-slow elementor-invisible elementor-widget elementor-widget-heading\" data-id=\"2dd18340\" data-element_type=\"widget\" data-e-type=\"widget\" data-settings=\"{&quot;_animation&quot;:&quot;fadeIn&quot;}\" data-widget_type=\"heading.default\">\n\t\t\t\t<div class=\"elementor-widget-container\">\n\t\t\t\t\t<h3 class=\"elementor-heading-title elementor-size-default\">Prote\u00ednas Especificas<\/h3>\t\t\t\t<\/div>\n\t\t\t\t<\/div>\n\t\t\t\t<div class=\"elementor-element elementor-element-69e886d0 elementor-invisible elementor-widget elementor-widget-text-editor\" data-id=\"69e886d0\" data-element_type=\"widget\" data-e-type=\"widget\" data-settings=\"{&quot;_animation&quot;:&quot;fadeIn&quot;,&quot;_animation_delay&quot;:200}\" data-widget_type=\"text-editor.default\">\n\t\t\t\t<div class=\"elementor-widget-container\">\n\t\t\t\t\t\t\t\t\t<ul><li>Interleukina-6<\/li><li>Prote\u00edna Tau<\/li><\/ul>\t\t\t\t\t\t\t\t<\/div>\n\t\t\t\t<\/div>\n\t\t\t\t<\/div>\n\t\t<div class=\"elementor-element elementor-element-3c5c1fa3 e-con-full e-flex e-con e-child\" data-id=\"3c5c1fa3\" data-element_type=\"container\" data-e-type=\"container\" data-settings=\"{&quot;background_background&quot;:&quot;classic&quot;}\">\n\t\t\t\t<div class=\"elementor-element elementor-element-6e46e54d animated-slow elementor-invisible elementor-widget elementor-widget-heading\" data-id=\"6e46e54d\" data-element_type=\"widget\" data-e-type=\"widget\" data-settings=\"{&quot;_animation&quot;:&quot;fadeIn&quot;}\" data-widget_type=\"heading.default\">\n\t\t\t\t<div class=\"elementor-widget-container\">\n\t\t\t\t\t<h3 class=\"elementor-heading-title elementor-size-default\">Metabolismo Oxidativo<\/h3>\t\t\t\t<\/div>\n\t\t\t\t<\/div>\n\t\t\t\t<div class=\"elementor-element elementor-element-305e3ece elementor-invisible elementor-widget elementor-widget-text-editor\" data-id=\"305e3ece\" data-element_type=\"widget\" data-e-type=\"widget\" data-settings=\"{&quot;_animation&quot;:&quot;fadeIn&quot;,&quot;_animation_delay&quot;:200}\" data-widget_type=\"text-editor.default\">\n\t\t\t\t<div class=\"elementor-widget-container\">\n\t\t\t\t\t\t\t\t\t<ul><li dir=\"ltr\">Glutati\u00f3n Peroxidasa<\/li><li dir=\"ltr\">Superoxido Dismutasa<\/li><li dir=\"ltr\">Glutati\u00f3n Reductasa<\/li><\/ul>\t\t\t\t\t\t\t\t<\/div>\n\t\t\t\t<\/div>\n\t\t\t\t<\/div>\n\t\t<div class=\"elementor-element elementor-element-160bae76 e-con-full e-flex e-con e-child\" data-id=\"160bae76\" data-element_type=\"container\" data-e-type=\"container\" data-settings=\"{&quot;background_background&quot;:&quot;classic&quot;}\">\n\t\t\t\t<div class=\"elementor-element elementor-element-22d4bed0 animated-slow elementor-invisible elementor-widget elementor-widget-heading\" data-id=\"22d4bed0\" data-element_type=\"widget\" data-e-type=\"widget\" data-settings=\"{&quot;_animation&quot;:&quot;fadeIn&quot;}\" data-widget_type=\"heading.default\">\n\t\t\t\t<div class=\"elementor-widget-container\">\n\t\t\t\t\t<h3 class=\"elementor-heading-title elementor-size-default\">Preventivos<\/h3>\t\t\t\t<\/div>\n\t\t\t\t<\/div>\n\t\t\t\t<div class=\"elementor-element elementor-element-6f2b9bd8 elementor-invisible elementor-widget elementor-widget-text-editor\" data-id=\"6f2b9bd8\" data-element_type=\"widget\" data-e-type=\"widget\" data-settings=\"{&quot;_animation&quot;:&quot;fadeIn&quot;,&quot;_animation_delay&quot;:200}\" data-widget_type=\"text-editor.default\">\n\t\t\t\t<div class=\"elementor-widget-container\">\n\t\t\t\t\t\t\t\t\t<ul><li>Vitamina B6<\/li><li>Vitamina B12 (Cobalamina)<\/li><li>Vitamina B12 Activa (Holotranscobalamina)<\/li><li>\u00c1cido F\u00f3lico<\/li><li>25-OH Vitamina D Total<\/li><\/ul>\t\t\t\t\t\t\t\t<\/div>\n\t\t\t\t<\/div>\n\t\t\t\t<\/div>\n\t\t\t\t\t<\/div>\n\t\t\t\t<\/div>\n\t\t<div class=\"elementor-element elementor-element-628c9e57 e-flex e-con-boxed e-con e-parent\" data-id=\"628c9e57\" data-element_type=\"container\" data-e-type=\"container\">\n\t\t\t\t\t<div class=\"e-con-inner\">\n\t\t\t\t<div class=\"elementor-element elementor-element-2c051a4c elementor-widget elementor-widget-heading\" data-id=\"2c051a4c\" data-element_type=\"widget\" data-e-type=\"widget\" data-widget_type=\"heading.default\">\n\t\t\t\t<div class=\"elementor-widget-container\">\n\t\t\t\t\t<h3 class=\"elementor-heading-title elementor-size-default\">\u00a1Transforma tu Salud! <\/h3>\t\t\t\t<\/div>\n\t\t\t\t<\/div>\n\t\t\t\t<div class=\"elementor-element elementor-element-733851ce elementor-widget elementor-widget-text-editor\" data-id=\"733851ce\" data-element_type=\"widget\" data-e-type=\"widget\" data-widget_type=\"text-editor.default\">\n\t\t\t\t<div class=\"elementor-widget-container\">\n\t\t\t\t\t\t\t\t\t<p>Cont\u00e1ctanos y Descubre C\u00f3mo Podemos Ayudarte.<\/p>\t\t\t\t\t\t\t\t<\/div>\n\t\t\t\t<\/div>\n\t\t\t\t<div class=\"elementor-element elementor-element-64928542 elementor-align-center elementor-mobile-align-center elementor-widget elementor-widget-button\" data-id=\"64928542\" data-element_type=\"widget\" data-e-type=\"widget\" data-widget_type=\"button.default\">\n\t\t\t\t<div class=\"elementor-widget-container\">\n\t\t\t\t\t\t\t\t\t<div class=\"elementor-button-wrapper\">\n\t\t\t\t\t<a class=\"elementor-button elementor-button-link elementor-size-sm\" href=\"https:\/\/wa.link\/p5n5y5\">\n\t\t\t\t\t\t<span class=\"elementor-button-content-wrapper\">\n\t\t\t\t\t\t\t\t\t<span class=\"elementor-button-text\">M\u00e1s informaci\u00f3n<\/span>\n\t\t\t\t\t<\/span>\n\t\t\t\t\t<\/a>\n\t\t\t\t<\/div>\n\t\t\t\t\t\t\t\t<\/div>\n\t\t\t\t<\/div>\n\t\t\t\t\t<\/div>\n\t\t\t\t<\/div>\n\t\t\t\t<\/div>\n\t\t","protected":false},"excerpt":{"rendered":"<p>Panel Riesgo de Alzheimer Eval\u00faa factores gen\u00e9ticos y bioqu\u00edmicos asociados con el desarrollo de Alzheimer. Gen\u00e9tico APOE, PSEN1 y PSEN2 Admark- ApoE Genotipo \u00a0 Prote\u00ednas Especificas Interleukina-6 Prote\u00edna Tau Metabolismo Oxidativo Glutati\u00f3n Peroxidasa Superoxido Dismutasa Glutati\u00f3n Reductasa Preventivos Vitamina B6 Vitamina B12 (Cobalamina) Vitamina B12 Activa (Holotranscobalamina) \u00c1cido F\u00f3lico 25-OH Vitamina D Total \u00a1Transforma tu [&hellip;]<\/p>\n","protected":false},"author":1,"featured_media":0,"parent":0,"menu_order":0,"comment_status":"closed","ping_status":"closed","template":"elementor_header_footer","meta":{"footnotes":""},"class_list":["post-814","page","type-page","status-publish","hentry"],"yoast_head":"<!-- This site is optimized with the Yoast SEO plugin v27.2 - https:\/\/yoast.com\/product\/yoast-seo-wordpress\/ -->\n<title>PANEL RIESGO DE ALZHEIMER - Gastrolab Centro Cardiometabolico<\/title>\n<meta name=\"robots\" content=\"index, follow, max-snippet:-1, max-image-preview:large, max-video-preview:-1\" \/>\n<link rel=\"canonical\" href=\"https:\/\/www.gastro-lab.com\/index.php\/panel-5\/\" \/>\n<meta property=\"og:locale\" content=\"es_ES\" \/>\n<meta property=\"og:type\" content=\"article\" \/>\n<meta property=\"og:title\" content=\"PANEL RIESGO DE ALZHEIMER - Gastrolab Centro Cardiometabolico\" \/>\n<meta property=\"og:description\" content=\"Panel Riesgo de Alzheimer Eval\u00faa factores gen\u00e9ticos y bioqu\u00edmicos asociados con el desarrollo de Alzheimer. Gen\u00e9tico APOE, PSEN1 y PSEN2 Admark- ApoE Genotipo \u00a0 Prote\u00ednas Especificas Interleukina-6 Prote\u00edna Tau Metabolismo Oxidativo Glutati\u00f3n Peroxidasa Superoxido Dismutasa Glutati\u00f3n Reductasa Preventivos Vitamina B6 Vitamina B12 (Cobalamina) Vitamina B12 Activa (Holotranscobalamina) \u00c1cido F\u00f3lico 25-OH Vitamina D Total \u00a1Transforma tu [&hellip;]\" \/>\n<meta property=\"og:url\" content=\"https:\/\/www.gastro-lab.com\/index.php\/panel-5\/\" \/>\n<meta property=\"og:site_name\" content=\"Gastrolab Centro Cardiometabolico\" \/>\n<meta property=\"article:modified_time\" content=\"2025-07-20T19:09:49+00:00\" \/>\n<meta property=\"og:image\" content=\"https:\/\/www.gastro-lab.com\/wp-content\/uploads\/2025\/07\/Beige-Aesthetic-Elegant-Minimalist-Name-LinkedIn-Banner-3.png\" \/>\n\t<meta property=\"og:image:width\" content=\"792\" \/>\n\t<meta property=\"og:image:height\" content=\"198\" \/>\n\t<meta property=\"og:image:type\" content=\"image\/png\" \/>\n<meta name=\"twitter:card\" content=\"summary_large_image\" \/>\n<meta name=\"twitter:label1\" content=\"Tiempo de lectura\" \/>\n\t<meta name=\"twitter:data1\" content=\"2 minutos\" \/>\n<script type=\"application\/ld+json\" class=\"yoast-schema-graph\">{\"@context\":\"https:\/\/schema.org\",\"@graph\":[{\"@type\":\"WebPage\",\"@id\":\"https:\/\/www.gastro-lab.com\/index.php\/panel-5\/\",\"url\":\"https:\/\/www.gastro-lab.com\/index.php\/panel-5\/\",\"name\":\"PANEL RIESGO DE ALZHEIMER - Gastrolab Centro Cardiometabolico\",\"isPartOf\":{\"@id\":\"https:\/\/www.gastro-lab.com\/#website\"},\"primaryImageOfPage\":{\"@id\":\"https:\/\/www.gastro-lab.com\/index.php\/panel-5\/#primaryimage\"},\"image\":{\"@id\":\"https:\/\/www.gastro-lab.com\/index.php\/panel-5\/#primaryimage\"},\"thumbnailUrl\":\"https:\/\/www.gastro-lab.com\/wp-content\/uploads\/2025\/06\/5-1024x1024.png\",\"datePublished\":\"2025-07-13T03:51:13+00:00\",\"dateModified\":\"2025-07-20T19:09:49+00:00\",\"breadcrumb\":{\"@id\":\"https:\/\/www.gastro-lab.com\/index.php\/panel-5\/#breadcrumb\"},\"inLanguage\":\"es\",\"potentialAction\":[{\"@type\":\"ReadAction\",\"target\":[\"https:\/\/www.gastro-lab.com\/index.php\/panel-5\/\"]}]},{\"@type\":\"ImageObject\",\"inLanguage\":\"es\",\"@id\":\"https:\/\/www.gastro-lab.com\/index.php\/panel-5\/#primaryimage\",\"url\":\"https:\/\/www.gastro-lab.com\/wp-content\/uploads\/2025\/06\/5.png\",\"contentUrl\":\"https:\/\/www.gastro-lab.com\/wp-content\/uploads\/2025\/06\/5.png\",\"width\":1080,\"height\":1080},{\"@type\":\"BreadcrumbList\",\"@id\":\"https:\/\/www.gastro-lab.com\/index.php\/panel-5\/#breadcrumb\",\"itemListElement\":[{\"@type\":\"ListItem\",\"position\":1,\"name\":\"Portada\",\"item\":\"https:\/\/www.gastro-lab.com\/\"},{\"@type\":\"ListItem\",\"position\":2,\"name\":\"PANEL RIESGO DE ALZHEIMER\"}]},{\"@type\":\"WebSite\",\"@id\":\"https:\/\/www.gastro-lab.com\/#website\",\"url\":\"https:\/\/www.gastro-lab.com\/\",\"name\":\"Gastrolab Centro Cardiometabolico\",\"description\":\"Nuestra misi\u00f3n, es abordar los Sindromes Cardiometabolicos mediante tecnolog\u00eda y estrategias innovadoras, eficaces y basadas en evidencia. Desde el Centro Cardiometab\u00f3lico, buscamos redise\u00f1ar y estructurar el fundamento de la medicina moderna a trav\u00e9s de un enfoque predictivo, preventivo y personalizado, que priorice el diagn\u00f3stico temprano y el cuidado integral de la salud.  El Centro Cardiometabolico, cuenta con la trayectoria, la tecnolog\u00eda y los protocolos necesarios para la detecci\u00f3n temprana y prevenci\u00f3n efectiva de enfermedades cr\u00f3nicas.   Es posible diagnosticar e interrumpir el progreso de condiciones cr\u00f3nicas, restaurar la salud del paciente y optimizar el uso de recursos por parte de los proveedores de salud.\",\"potentialAction\":[{\"@type\":\"SearchAction\",\"target\":{\"@type\":\"EntryPoint\",\"urlTemplate\":\"https:\/\/www.gastro-lab.com\/?s={search_term_string}\"},\"query-input\":{\"@type\":\"PropertyValueSpecification\",\"valueRequired\":true,\"valueName\":\"search_term_string\"}}],\"inLanguage\":\"es\"}]}<\/script>\n<!-- \/ Yoast SEO plugin. -->","yoast_head_json":{"title":"PANEL RIESGO DE ALZHEIMER - Gastrolab Centro Cardiometabolico","robots":{"index":"index","follow":"follow","max-snippet":"max-snippet:-1","max-image-preview":"max-image-preview:large","max-video-preview":"max-video-preview:-1"},"canonical":"https:\/\/www.gastro-lab.com\/index.php\/panel-5\/","og_locale":"es_ES","og_type":"article","og_title":"PANEL RIESGO DE ALZHEIMER - Gastrolab Centro Cardiometabolico","og_description":"Panel Riesgo de Alzheimer Eval\u00faa factores gen\u00e9ticos y bioqu\u00edmicos asociados con el desarrollo de Alzheimer. Gen\u00e9tico APOE, PSEN1 y PSEN2 Admark- ApoE Genotipo \u00a0 Prote\u00ednas Especificas Interleukina-6 Prote\u00edna Tau Metabolismo Oxidativo Glutati\u00f3n Peroxidasa Superoxido Dismutasa Glutati\u00f3n Reductasa Preventivos Vitamina B6 Vitamina B12 (Cobalamina) Vitamina B12 Activa (Holotranscobalamina) \u00c1cido F\u00f3lico 25-OH Vitamina D Total \u00a1Transforma tu [&hellip;]","og_url":"https:\/\/www.gastro-lab.com\/index.php\/panel-5\/","og_site_name":"Gastrolab Centro Cardiometabolico","article_modified_time":"2025-07-20T19:09:49+00:00","og_image":[{"width":792,"height":198,"url":"https:\/\/www.gastro-lab.com\/wp-content\/uploads\/2025\/07\/Beige-Aesthetic-Elegant-Minimalist-Name-LinkedIn-Banner-3.png","type":"image\/png"}],"twitter_card":"summary_large_image","twitter_misc":{"Tiempo de lectura":"2 minutos"},"schema":{"@context":"https:\/\/schema.org","@graph":[{"@type":"WebPage","@id":"https:\/\/www.gastro-lab.com\/index.php\/panel-5\/","url":"https:\/\/www.gastro-lab.com\/index.php\/panel-5\/","name":"PANEL RIESGO DE ALZHEIMER - Gastrolab Centro Cardiometabolico","isPartOf":{"@id":"https:\/\/www.gastro-lab.com\/#website"},"primaryImageOfPage":{"@id":"https:\/\/www.gastro-lab.com\/index.php\/panel-5\/#primaryimage"},"image":{"@id":"https:\/\/www.gastro-lab.com\/index.php\/panel-5\/#primaryimage"},"thumbnailUrl":"https:\/\/www.gastro-lab.com\/wp-content\/uploads\/2025\/06\/5-1024x1024.png","datePublished":"2025-07-13T03:51:13+00:00","dateModified":"2025-07-20T19:09:49+00:00","breadcrumb":{"@id":"https:\/\/www.gastro-lab.com\/index.php\/panel-5\/#breadcrumb"},"inLanguage":"es","potentialAction":[{"@type":"ReadAction","target":["https:\/\/www.gastro-lab.com\/index.php\/panel-5\/"]}]},{"@type":"ImageObject","inLanguage":"es","@id":"https:\/\/www.gastro-lab.com\/index.php\/panel-5\/#primaryimage","url":"https:\/\/www.gastro-lab.com\/wp-content\/uploads\/2025\/06\/5.png","contentUrl":"https:\/\/www.gastro-lab.com\/wp-content\/uploads\/2025\/06\/5.png","width":1080,"height":1080},{"@type":"BreadcrumbList","@id":"https:\/\/www.gastro-lab.com\/index.php\/panel-5\/#breadcrumb","itemListElement":[{"@type":"ListItem","position":1,"name":"Portada","item":"https:\/\/www.gastro-lab.com\/"},{"@type":"ListItem","position":2,"name":"PANEL RIESGO DE ALZHEIMER"}]},{"@type":"WebSite","@id":"https:\/\/www.gastro-lab.com\/#website","url":"https:\/\/www.gastro-lab.com\/","name":"Gastrolab Centro Cardiometabolico","description":"Nuestra misi\u00f3n, es abordar los Sindromes Cardiometabolicos mediante tecnolog\u00eda y estrategias innovadoras, eficaces y basadas en evidencia. Desde el Centro Cardiometab\u00f3lico, buscamos redise\u00f1ar y estructurar el fundamento de la medicina moderna a trav\u00e9s de un enfoque predictivo, preventivo y personalizado, que priorice el diagn\u00f3stico temprano y el cuidado integral de la salud.  El Centro Cardiometabolico, cuenta con la trayectoria, la tecnolog\u00eda y los protocolos necesarios para la detecci\u00f3n temprana y prevenci\u00f3n efectiva de enfermedades cr\u00f3nicas.   Es posible diagnosticar e interrumpir el progreso de condiciones cr\u00f3nicas, restaurar la salud del paciente y optimizar el uso de recursos por parte de los proveedores de salud.","potentialAction":[{"@type":"SearchAction","target":{"@type":"EntryPoint","urlTemplate":"https:\/\/www.gastro-lab.com\/?s={search_term_string}"},"query-input":{"@type":"PropertyValueSpecification","valueRequired":true,"valueName":"search_term_string"}}],"inLanguage":"es"}]}},"_links":{"self":[{"href":"https:\/\/www.gastro-lab.com\/index.php\/wp-json\/wp\/v2\/pages\/814","targetHints":{"allow":["GET"]}}],"collection":[{"href":"https:\/\/www.gastro-lab.com\/index.php\/wp-json\/wp\/v2\/pages"}],"about":[{"href":"https:\/\/www.gastro-lab.com\/index.php\/wp-json\/wp\/v2\/types\/page"}],"author":[{"embeddable":true,"href":"https:\/\/www.gastro-lab.com\/index.php\/wp-json\/wp\/v2\/users\/1"}],"replies":[{"embeddable":true,"href":"https:\/\/www.gastro-lab.com\/index.php\/wp-json\/wp\/v2\/comments?post=814"}],"version-history":[{"count":18,"href":"https:\/\/www.gastro-lab.com\/index.php\/wp-json\/wp\/v2\/pages\/814\/revisions"}],"predecessor-version":[{"id":1454,"href":"https:\/\/www.gastro-lab.com\/index.php\/wp-json\/wp\/v2\/pages\/814\/revisions\/1454"}],"wp:attachment":[{"href":"https:\/\/www.gastro-lab.com\/index.php\/wp-json\/wp\/v2\/media?parent=814"}],"curies":[{"name":"wp","href":"https:\/\/api.w.org\/{rel}","templated":true}]}}